
Let r = -2 + 6. Suppose -c + 5 + 1 = r*j, 2 = 2*j. What is the units digit of ((-1)/(-2))/(c/4)?
1
Let a(l) be the third derivative of -5*l**4/12 + l**3/6 - l**2. What is the tens digit of a(-1)?
1
Let y(r) = -r**2 - 5*r - 6. Let i be y(-4). What is the units digit of (1 - -1 - i) + 1?
5
Suppose 43 - 7 = n. Suppose 2*q - n = -4. What is the tens digit of q?
1
Let g(y) = -y**2 + 6*y - 2. Let k be g(5). Suppose -3*x = -6, -k*p - x - 6 = -5*p. What is the units digit of p?
4
Suppose 0 = -4*m + 8, 136 = 3*v - 2*m + 23. What is the tens digit of v?
3
Let d = -27 - -49. What is the tens digit of d?
2
Suppose -2*o - i = -21 - 9, -o + 2*i = -10. Suppose 2*l + 4 = o. Suppose 2*q = l*b - 6, q - 4*b + 9*b = 27. What is the units digit of q?
7
Suppose h = -3 + 6. Suppose -h*x - 5*q + 24 = 0, -q + 32 = 4*x + q. Suppose 2*m + x = 24. What is the units digit of m?
8
Let l(m) = -m - 4. Let i be l(-2). What is the units digit of i - (-44)/2 - -4?
4
Let f be ((-2)/4)/((-1)/(-8)). Let i(c) = -20*c**3 + 2*c**2 + 2*c + 1. Let v be i(-1). What is the units digit of (-1)/f - v/(-12)?
2
Let p be (-176)/18 - 16/72. What is the tens digit of 326/14 + p/35?
2
Let v(y) = -y**2 - 7*y - 1. What is the units digit of v(-6)?
5
Let b(t) = t**3 + 3*t**2 - 2*t. Let q be b(-3). Suppose -2*m + 2*l = q*l + 32, 0 = 4*m - 2*l + 14. Let d = 1 - m. What is the units digit of d?
7
Let q(n) = n**2 + 9*n - 14. Let x be q(-10). Let p(m) = m + 9. What is the units digit of p(x)?
5
Suppose -9*y = -10*y + 10. What is the tens digit of y?
1
Suppose -22*w = -25*w + 303. What is the units digit of w?
1
Suppose -5*q - 2 = 8. Let z = q - -15. What is the tens digit of z?
1
Let h be (-8 - -9)*(-2 - -1). What is the units digit of h*(1 - 7) + 3?
9
Suppose 0 = 5*d - 11 - 69. What is the tens digit of d?
1
Let i be 5/(-10)*(-8)/1. Suppose 91 = 5*m - i. What is the units digit of m?
9
Suppose 3*g = -3*l + 18, 2*g - 4 = l + 2. What is the units digit of -1 + l - (-10 + 1)?
0
Let t = 35 - 23. What is the units digit of (t/(-9))/((-2)/3)?
2
Suppose 2*q + 9 - 3 = 0, -5*l - q - 223 = 0. Let x = -28 - l. What is the tens digit of x?
1
Suppose 3*n - 5 = 2*n. Suppose 5*h + n*o - 35 = 0, 8*o - 3*o = 4*h - 10. What is the units digit of (h + 2)*(2 + -1)?
7
What is the hundreds digit of -21*(-7)/((-245)/(-600)) - -1?
3
Let t(z) = 3*z**2 - 2*z - 3. Suppose 2*x - 2 = 3*x. What is the units digit of t(x)?
3
Let l(k) = 4*k**2 - 8*k - 12. What is the tens digit of l(6)?
8
Let u be (-68)/(-7) + 6/21. Suppose 0 = 5*c - u*c + 25. What is the units digit of c?
5
Suppose -p + 2*p = 4. Let w = p + -2. Suppose 3*n - 21 = -w*g + 7, -32 = -2*n - 4*g. What is the units digit of n?
6
What is the hundreds digit of 29/203 - 3344/(-14)?
2
Let f = -3 + 113. What is the hundreds digit of f?
1
Let a(p) = 2 - 2*p**3 + 4*p + 3*p**3 - 4 - 4*p**2. Let u = 2 - -1. What is the units digit of a(u)?
1
Let b = -22 + 27. What is the units digit of b?
5
Let m = 61 + -28. Suppose -3*v - x = 2*x - m, 0 = -3*v + 5*x + 17. What is the units digit of v?
9
Let x(v) be the first derivative of 13*v**3/3 + 6. What is the units digit of x(-1)?
3
Suppose 0 = -l + 6*l + 40. Let f = 14 - l. What is the units digit of f?
2
What is the units digit of (1 - 0)*-2 + 49?
7
Let z be (-10)/4*4/(-5). Suppose 2*m - 7 - 1 = 0. Suppose n - 4*n + 4*u = m, 20 = 3*n + z*u. What is the units digit of n?
4
Let q = -12 + 41. Suppose -3*v + q = -55. Suppose v = 3*z - 2. What is the tens digit of z?
1
Suppose -5*l - 5*i = -45, 3*l - 30 = -5*i + 7. Suppose 2*f = -l*v - f + 40, 2*f + 20 = 4*v. What is the units digit of v?
7
Suppose -2*d = 4*m - 416 + 72, -4*m = -4*d + 676. What is the tens digit of d?
7
Let x(p) = p**2 - 3*p + 7. Let k be x(5). Suppose -k*h - 15 = -20*h. What is the units digit of h?
5
Suppose z - 15 = 3*k, -3*z - 15 = -6. Let q = k - -5. What is the units digit of 3/2*(q + 3)?
3
Let o(x) be the second derivative of -x**3/2 + x**2 + 5*x. What is the units digit of o(-8)?
6
Let p = 5 + -2. Suppose 22 = p*s - 20. What is the tens digit of s?
1
Let q = 11 - 20. Let r(f) = -2*f - 10. What is the units digit of r(q)?
8
Let s(f) be the first derivative of -2 + 5/3*f**3 + 1/4*f**4 - 4*f**2 - 8*f. What is the units digit of s(-6)?
4
Let h(y) = 5*y - 1. What is the tens digit of h(28)?
3
Suppose 0 = -2*v + i + 192, -2*v - 3*i = -98 - 102. What is the tens digit of v?
9
Let t(g) = -g**2 + 4*g + 5. Let f be t(5). Let r(l) be the second derivative of -l**4/12 + l**3/6 + 7*l**2/2 - l. What is the units digit of r(f)?
7
Suppose -6*q = -2*q - 128. What is the units digit of q?
2
Suppose 6 = -5*a + 21. Suppose a*s - 4*l - 18 = 0, -8*l - 19 = -2*s - 3*l. What is the units digit of s?
2
Let q(d) = -d - 2. Let y be q(-6). Suppose 0 = 3*k - 3*h - 9, 2*k + 4*h + 6 = y*k. Suppose -4*x = -k - 1. What is the units digit of x?
1
Suppose -7*l + 8*l - 2 = 0. What is the units digit of l?
2
Let b = 184 - 55. What is the hundreds digit of b?
1
Let d(t) = -t**3 - 3*t**2 - 3*t - 4. Suppose 2 = -5*a + 22. Suppose -a*u + 8*u = 3*b + 17, -u = -b - 5. What is the units digit of d(b)?
5
What is the units digit of (-89)/(-5) + 5/25?
8
What is the tens digit of (64 + 2)/((-3)/(-4))?
8
Let u(c) = 67*c**2 - 6*c + 1. What is the tens digit of u(2)?
5
Suppose -f + 5*g - 68 = 0, 3*f + 216 - 12 = -4*g. Let q = f - -101. What is the tens digit of q?
3
Let s = 42 - 38. What is the units digit of s?
4
Let r(c) = 9*c**3 + 5*c**2 - 7*c + 4. What is the units digit of r(2)?
2
Let q be (-2)/8 - 234/(-8). Let j = q + -19. What is the tens digit of j?
1
Let r = 165 - 81. What is the units digit of r?
4
Let o be (-3)/12 - 1025/(-4). Suppose u = -3*u + o. Suppose 0 = c + z - 7, -26 = 5*c + 2*z - u. What is the units digit of c?
8
Let c(n) = -9*n**2 - 7*n + 1. Let w(h) = 4*h**2 + 3*h - 1. Let k(p) = 3*c(p) + 7*w(p). What is the units digit of k(4)?
2
Let s(o) = -2*o + 40. What is the units digit of s(-7)?
4
Suppose 3*f + 2*j - 166 = 0, -2*f + 3*j = -63 - 39. What is the units digit of f?
4
Let a be 2/6 + 16/6. Suppose -a*i - 6 = -2*i. What is the units digit of (3/i)/(1/(-26))?
3
Let u(f) = 5*f**2 - 13 - 4*f**2 + 0*f - 7*f. Let b be -12*3*(-2)/8. What is the units digit of u(b)?
5
Let f = 145 - 79. What is the units digit of f?
6
Suppose w - 2*d - 23 = -2*w, d = -w + 16. What is the units digit of w?
1
Let r(t) = t**3 + t**2 - 2*t. Let f be r(-2). What is the units digit of 3 + -1 - (-2 - f)?
4
What is the units digit of (-16)/6 - -2 - 2185/(-15)?
5
Let w be (-21)/14*20/(-6). Suppose 2*y = w*p - 21, 4*p - y = y + 18. Suppose 0 = -4*n + p*n - 3*i, 0 = 3*n - i - 10. What is the units digit of n?
3
Let x(t) = -t**3 + 6*t**2 - 2*t - 2. Suppose -4*d = -11 - 5. What is the units digit of x(d)?
2
Let f be (-28)/(-2)*(-1)/2. Let o(d) = -3*d + 3. What is the units digit of o(f)?
4
Suppose 181 = 4*x - 3*x. What is the units digit of x?
1
Let u be -1 - (-9)/((-9)/(-3)). Suppose u*d - 3*j - 31 = 0, 2*d + 12 = -3*j + 49. What is the tens digit of d?
1
Let g = -26 + 48. Let q = g + -14. What is the units digit of q?
8
Let w = -107 - -187. Suppose -2*s - 2*s + w = 0. Suppose s - 4 = 4*p - 2*d, 26 = 4*p + 3*d. What is the units digit of p?
5
Suppose -n - 3*n = -556. Suppose 4*j - 5*p = 99, j = -3*j - 3*p + n. What is the units digit of j?
1
Let w(q) = q**3 - 7*q**2 + 6*q - 2. Let m be w(6). Let d be 0 + (1 - m/(-2)). Suppose -3*s = -d*s - 18. What is the units digit of s?
6
Let m = 28 - -26. What is the units digit of m?
4
Let b(p) = 3*p + 3. Let a be b(4). What is the tens digit of (-3)/a - 524/(-20)?
2
Let f(l) = 5*l**2 + 2*l + 3. What is the units digit of f(-4)?
5
Let p = -7 - -11. Let s be (0 + 0)/(2 + -4). Suppose -3*h + 52 = 4*u, -3*h + p*u - 2*u + 46 = s. What is the tens digit of h?
1
Let i(l) = l**2 + 11*l + 1. Suppose -55 = 4*t + t. What is the units digit of i(t)?
1
Suppose 0*y = -y + 13. Let j = -8 + y. Suppose j*v - 1 - 59 = 0. What is the tens digit of v?
1
Suppose 0 = 18*p - 19*p + 104. What is the tens digit of p?
0
Suppose -6*h = -h - 105. Suppose 5*a + 6 - h = 0. Suppose -g - 3 = 0, 2*p + g + a*g + 2 = 0. What is the units digit of p?
5
Let h(y) = -y + 7. Let d be h(5). Suppose 4*i - 3*j - 20 = 0, -5*i = 5*j + 8 + d. Suppose -11 = -i*l + 5. What is the units digit of l?
8
Let k(g) = -g**3 + 7*g**2 - 6*g. Le